Last updated on 2019-04-22 01:47:58 CEST.
Flavor | Version | Tinstall | Tcheck | Ttotal | Status | Flags |
---|---|---|---|---|---|---|
r-devel-linux-x86_64-debian-clang | 0.1.0 | 1.78 | 26.99 | 28.77 | OK | |
r-devel-linux-x86_64-debian-gcc | 0.1.0 | 1.56 | 20.61 | 22.17 | OK | |
r-devel-linux-x86_64-fedora-clang | 0.1.0 | 33.56 | NOTE | |||
r-devel-linux-x86_64-fedora-gcc | 0.1.0 | 31.81 | NOTE | |||
r-devel-windows-ix86+x86_64 | 0.1.0 | 8.00 | 38.00 | 46.00 | OK | |
r-patched-linux-x86_64 | 0.1.0 | 1.86 | 26.71 | 28.57 | OK | |
r-patched-solaris-x86 | 0.1.0 | 50.50 | NOTE | |||
r-release-linux-x86_64 | 0.1.0 | 1.15 | 25.43 | 26.58 | OK | |
r-release-windows-ix86+x86_64 | 0.1.0 | 4.00 | 40.00 | 44.00 | OK | |
r-release-osx-x86_64 | 0.1.0 | NOTE | ||||
r-oldrel-windows-ix86+x86_64 | 0.1.0 | 5.00 | 57.00 | 62.00 | OK | |
r-oldrel-osx-x86_64 | 0.1.0 | NOTE |
Version: 0.1.0
Check: dependencies in R code
Result: NOTE
Namespaces in Imports field not imported from:
‘CARE1’ ‘LCMCR’ ‘coda’ ‘conting’ ‘dga’ ‘future’ ‘ggplot2’ ‘ipc’
‘promises’ ‘reshape’ ‘shinycssloaders’ ‘testthat’
All declared Imports should be used.
Flavors: r-devel-linux-x86_64-fedora-clang, r-devel-linux-x86_64-fedora-gcc, r-patched-solaris-x86, r-release-osx-x86_64, r-oldrel-osx-x86_64