Last updated on 2019-04-22 01:47:58 CEST.
Flavor | Version | Tinstall | Tcheck | Ttotal | Status | Flags |
---|---|---|---|---|---|---|
r-devel-linux-x86_64-debian-clang | 0.2.2 | 2.48 | 95.13 | 97.61 | OK | |
r-devel-linux-x86_64-debian-gcc | 0.2.2 | 2.26 | 72.02 | 74.28 | OK | |
r-devel-linux-x86_64-fedora-clang | 0.2.2 | 113.14 | NOTE | |||
r-devel-linux-x86_64-fedora-gcc | 0.2.2 | 109.04 | NOTE | |||
r-devel-windows-ix86+x86_64 | 0.2.2 | 8.00 | 100.00 | 108.00 | OK | |
r-patched-linux-x86_64 | 0.2.2 | 3.20 | 94.16 | 97.36 | OK | |
r-patched-solaris-x86 | 0.2.2 | 144.90 | NOTE | |||
r-release-linux-x86_64 | 0.2.2 | 2.14 | 83.33 | 85.47 | OK | |
r-release-windows-ix86+x86_64 | 0.2.2 | 4.00 | 134.00 | 138.00 | OK | |
r-release-osx-x86_64 | 0.2.2 | NOTE | ||||
r-oldrel-windows-ix86+x86_64 | 0.2.2 | 6.00 | 161.00 | 167.00 | OK | |
r-oldrel-osx-x86_64 | 0.2.2 | NOTE |
Version: 0.2.2
Check: dependencies in R code
Result: NOTE
Namespace in Imports field not imported from: ‘dplyr’
All declared Imports should be used.
Flavors: r-devel-linux-x86_64-fedora-clang, r-devel-linux-x86_64-fedora-gcc, r-patched-solaris-x86, r-release-osx-x86_64, r-oldrel-osx-x86_64