CRAN Package Check Results for Package simPATHy

Last updated on 2019-04-22 01:47:58 CEST.

Flavor Version Tinstall Tcheck Ttotal Status Flags
r-devel-linux-x86_64-debian-clang 0.2 3.59 64.42 68.01 OK
r-devel-linux-x86_64-debian-gcc 0.2 2.85 50.52 53.37 OK
r-devel-linux-x86_64-fedora-clang 0.2 78.03 OK
r-devel-linux-x86_64-fedora-gcc 0.2 76.13 OK
r-devel-windows-ix86+x86_64 0.2 13.00 98.00 111.00 OK
r-patched-linux-x86_64 0.2 2.62 63.53 66.15 OK
r-patched-solaris-x86 0.2 125.50 NOTE
r-release-linux-x86_64 0.2 2.58 60.92 63.50 OK
r-release-windows-ix86+x86_64 0.2 6.00 76.00 82.00 OK
r-release-osx-x86_64 0.2 ERROR
r-oldrel-windows-ix86+x86_64 0.2 11.00 102.00 113.00 OK
r-oldrel-osx-x86_64 0.2 OK

Check Details

Version: 0.2
Check: installed package size
Result: NOTE
     installed size is 5.1Mb
     sub-directories of 1Mb or more:
     data 2.0Mb
     doc 2.7Mb
Flavor: r-patched-solaris-x86

Version: 0.2
Check: package dependencies
Result: ERROR
    Package required but not available: ‘qpgraph’
    
    Packages suggested but not available for checking: ‘clipper’ ‘topologyGSA’
    
    See section ‘The DESCRIPTION file’ in the ‘Writing R Extensions’
    manual.
Flavor: r-release-osx-x86_64