CRAN Package Check Results for Package simsalapar

Last updated on 2019-04-22 01:47:58 CEST.

Flavor Version Tinstall Tcheck Ttotal Status Flags
r-devel-linux-x86_64-debian-clang 1.0-10 5.18 35.26 40.44 OK --no-tests
r-devel-linux-x86_64-debian-gcc 1.0-10 4.16 27.86 32.02 OK --no-tests
r-devel-linux-x86_64-fedora-clang 1.0-10 46.99 OK --no-tests
r-devel-linux-x86_64-fedora-gcc 1.0-10 45.23 OK --no-tests
r-devel-windows-ix86+x86_64 1.0-10 16.00 92.00 108.00 OK
r-patched-linux-x86_64 1.0-10 4.50 35.07 39.57 OK --no-tests
r-patched-solaris-x86 1.0-10 249.30 OK
r-release-linux-x86_64 1.0-10 3.75 33.89 37.64 OK --no-tests
r-release-windows-ix86+x86_64 1.0-10 6.00 132.00 138.00 OK
r-release-osx-x86_64 1.0-10 NOTE
r-oldrel-windows-ix86+x86_64 1.0-10 3.00 120.00 123.00 OK
r-oldrel-osx-x86_64 1.0-10 NOTE

Check Details

Version: 1.0-10
Check: package dependencies
Result: NOTE
    Package suggested but not available for checking: ‘Rmpi’
Flavors: r-release-osx-x86_64, r-oldrel-osx-x86_64

Version: 1.0-10
Check: Rd cross-references
Result: NOTE
    Package unavailable to check Rd xrefs: ‘Rmpi’
Flavors: r-release-osx-x86_64, r-oldrel-osx-x86_64