CRAN Package Check Results for Package sisal

Last updated on 2019-04-22 01:47:58 CEST.

Flavor Version Tinstall Tcheck Ttotal Status Flags
r-devel-linux-x86_64-debian-clang 0.46 15.25 109.28 124.53 OK
r-devel-linux-x86_64-debian-gcc 0.46 12.53 84.72 97.25 OK
r-devel-linux-x86_64-fedora-clang 0.46 144.87 OK
r-devel-linux-x86_64-fedora-gcc 0.46 141.65 OK
r-devel-windows-ix86+x86_64 0.46 28.00 109.00 137.00 OK
r-patched-linux-x86_64 0.46 14.06 108.42 122.48 OK
r-patched-solaris-x86 0.46 204.00 OK
r-release-linux-x86_64 0.46 11.83 104.59 116.42 OK
r-release-windows-ix86+x86_64 0.46 17.00 150.00 167.00 OK
r-release-osx-x86_64 0.46 OK
r-oldrel-windows-ix86+x86_64 0.46 15.00 170.00 185.00 OK
r-oldrel-osx-x86_64 0.46 NOTE

Check Details

Version: 0.46
Check: package dependencies
Result: NOTE
    Packages suggested but not available for checking: ‘graph’ ‘Rgraphviz’
Flavor: r-oldrel-osx-x86_64

Version: 0.46
Check: Rd cross-references
Result: NOTE
    Packages unavailable to check Rd xrefs: ‘Rgraphviz’, ‘graph’
Flavor: r-oldrel-osx-x86_64