CRAN Package Check Results for Package snht

Last updated on 2019-04-22 01:47:59 CEST.

Flavor Version Tinstall Tcheck Ttotal Status Flags
r-devel-linux-x86_64-debian-clang 1.0.5 8.39 99.25 107.64 OK
r-devel-linux-x86_64-debian-gcc 1.0.5 6.98 75.47 82.45 OK
r-devel-linux-x86_64-fedora-clang 1.0.5 130.57 OK
r-devel-linux-x86_64-fedora-gcc 1.0.5 123.11 OK
r-devel-windows-ix86+x86_64 1.0.5 23.00 109.00 132.00 OK
r-patched-linux-x86_64 1.0.5 8.19 95.55 103.74 OK
r-patched-solaris-x86 1.0.5 199.90 OK
r-release-linux-x86_64 1.0.5 4.74 94.52 99.26 OK
r-release-windows-ix86+x86_64 1.0.5 10.00 163.00 173.00 OK
r-release-osx-x86_64 1.0.5 OK
r-oldrel-windows-ix86+x86_64 1.0.5 14.00 164.00 178.00 OK
r-oldrel-osx-x86_64 1.0.5 WARN

Check Details

Version: 1.0.5
Check: re-building of vignette outputs
Result: WARN
    Error in re-building vignettes:
     ...
    Warning: running command 'kpsewhich framed.sty' had status 1
    Warning in test_latex_pkg("framed", system.file("misc", "framed.sty", package = "knitr")) :
     unable to find LaTeX package 'framed'; will use a copy from knitr
    Error in texi2dvi(file = file, pdf = TRUE, clean = clean, quiet = quiet, :
     Running 'texi2dvi' on 'pairwiseSNHT.tex' failed.
    LaTeX errors:
    ! LaTeX Error: File `breakurl.sty' not found.
    
    Type X to quit or <RETURN> to proceed,
    or enter new name. (Default extension: sty)
    
    ! Emergency stop.
    <read *>
    
    l.61 \usepackage
     {hyperref}^^M
    ! ==> Fatal error occurred, no output PDF file produced!
    Calls: buildVignettes -> texi2pdf -> texi2dvi
    Execution halted
Flavor: r-oldrel-osx-x86_64