Last updated on 2019-04-22 01:47:59 CEST.
Flavor | Version | Tinstall | Tcheck | Ttotal | Status | Flags |
---|---|---|---|---|---|---|
r-devel-linux-x86_64-debian-clang | 1.0.0 | 7.85 | 88.59 | 96.44 | OK | |
r-devel-linux-x86_64-debian-gcc | 1.0.0 | 7.65 | 69.72 | 77.37 | OK | |
r-devel-linux-x86_64-fedora-clang | 1.0.0 | 115.46 | NOTE | |||
r-devel-linux-x86_64-fedora-gcc | 1.0.0 | 113.78 | NOTE | |||
r-devel-windows-ix86+x86_64 | 1.0.0 | 24.00 | 123.00 | 147.00 | OK | |
r-patched-linux-x86_64 | 1.0.0 | 7.35 | 85.65 | 93.00 | OK | |
r-patched-solaris-x86 | 1.0.0 | 253.90 | NOTE | |||
r-release-linux-x86_64 | 1.0.0 | 4.79 | 85.30 | 90.09 | OK | |
r-release-windows-ix86+x86_64 | 1.0.0 | 11.00 | 182.00 | 193.00 | OK | |
r-release-osx-x86_64 | 1.0.0 | NOTE | ||||
r-oldrel-windows-ix86+x86_64 | 1.0.0 | 15.00 | 184.00 | 199.00 | OK | |
r-oldrel-osx-x86_64 | 1.0.0 | NOTE |
Version: 1.0.0
Check: dependencies in R code
Result: NOTE
Namespaces in Imports field not imported from:
‘class’ ‘mlbench’
All declared Imports should be used.
Flavors: r-devel-linux-x86_64-fedora-clang, r-devel-linux-x86_64-fedora-gcc, r-patched-solaris-x86, r-release-osx-x86_64, r-oldrel-osx-x86_64