Last updated on 2019-04-22 01:47:59 CEST.
Flavor | Version | Tinstall | Tcheck | Ttotal | Status | Flags |
---|---|---|---|---|---|---|
r-devel-linux-x86_64-debian-clang | 0.3 | 11.18 | 76.17 | 87.35 | OK | |
r-devel-linux-x86_64-debian-gcc | 0.3 | 10.76 | 59.98 | 70.74 | OK | |
r-devel-linux-x86_64-fedora-clang | 0.3 | 104.68 | OK | |||
r-devel-linux-x86_64-fedora-gcc | 0.3 | 103.78 | OK | |||
r-devel-windows-ix86+x86_64 | 0.3 | 29.00 | 79.00 | 108.00 | OK | |
r-patched-linux-x86_64 | 0.3 | 12.24 | 75.25 | 87.49 | OK | |
r-patched-solaris-x86 | 0.3 | 187.40 | OK | |||
r-release-linux-x86_64 | 0.3 | 7.75 | 74.29 | 82.04 | OK | |
r-release-windows-ix86+x86_64 | 0.3 | 12.00 | 116.00 | 128.00 | OK | |
r-release-osx-x86_64 | 0.3 | NOTE | ||||
r-oldrel-windows-ix86+x86_64 | 0.3 | 14.00 | 110.00 | 124.00 | OK | |
r-oldrel-osx-x86_64 | 0.3 | OK |
Version: 0.3
Check: package dependencies
Result: NOTE
Package suggested but not available for checking: ‘antaresViz’
Flavor: r-release-osx-x86_64
Version: 0.3
Check: Rd cross-references
Result: NOTE
Package unavailable to check Rd xrefs: ‘antaresViz’
Flavor: r-release-osx-x86_64