Last updated on 2019-04-22 01:47:59 CEST.
Flavor | Version | Tinstall | Tcheck | Ttotal | Status | Flags |
---|---|---|---|---|---|---|
r-devel-linux-x86_64-debian-clang | 0.1.2 | 40.53 | 183.56 | 224.09 | OK | |
r-devel-linux-x86_64-debian-gcc | 0.1.2 | 35.40 | 139.03 | 174.43 | OK | |
r-devel-linux-x86_64-fedora-clang | 0.1.2 | 270.54 | NOTE | |||
r-devel-linux-x86_64-fedora-gcc | 0.1.2 | 297.14 | NOTE | |||
r-devel-windows-ix86+x86_64 | 0.1.2 | 111.00 | 193.00 | 304.00 | OK | |
r-patched-linux-x86_64 | 0.1.2 | 41.98 | 177.03 | 219.01 | OK | |
r-patched-solaris-x86 | 0.1.2 | 321.60 | NOTE | |||
r-release-linux-x86_64 | 0.1.2 | 39.37 | 170.71 | 210.08 | OK | |
r-release-windows-ix86+x86_64 | 0.1.2 | 79.00 | 272.00 | 351.00 | OK | |
r-release-osx-x86_64 | 0.1.2 | NOTE | ||||
r-oldrel-windows-ix86+x86_64 | 0.1.2 | 101.00 | 272.00 | 373.00 | OK | |
r-oldrel-osx-x86_64 | 0.1.2 | NOTE |
Version: 0.1.2
Check: data for non-ASCII characters
Result: NOTE
Note: found 6863 marked UTF-8 strings
Flavors: r-devel-linux-x86_64-fedora-clang, r-devel-linux-x86_64-fedora-gcc, r-patched-solaris-x86, r-release-osx-x86_64, r-oldrel-osx-x86_64