CRAN Package Check Results for Package ssMousetrack

Last updated on 2019-04-22 01:48:00 CEST.

Flavor Version Tinstall Tcheck Ttotal Status Flags
r-devel-linux-x86_64-debian-clang 1.1.5 412.20 71.35 483.55 NOTE
r-devel-linux-x86_64-debian-gcc 1.1.5 400.66 70.56 471.22 NOTE
r-devel-linux-x86_64-fedora-clang 1.1.5 731.03 NOTE
r-devel-linux-x86_64-fedora-gcc 1.1.5 771.31 NOTE
r-devel-windows-ix86+x86_64 1.1.5 908.00 147.00 1055.00 NOTE
r-patched-linux-x86_64 1.1.5 444.67 87.17 531.84 NOTE
r-patched-solaris-x86 1.1.5 627.90 NOTE
r-release-linux-x86_64 1.1.5 441.38 84.25 525.63 NOTE
r-release-windows-ix86+x86_64 1.1.5 726.00 205.00 931.00 NOTE
r-release-osx-x86_64 1.1.5 NOTE
r-oldrel-windows-ix86+x86_64 1.1.5 954.00 190.00 1144.00 NOTE
r-oldrel-osx-x86_64 1.1.5 NOTE

Check Details

Version: 1.1.5
Check: for GNU extensions in Makefiles
Result: NOTE
    GNU make is a SystemRequirements.
Flavors: r-devel-linux-x86_64-debian-clang, r-devel-linux-x86_64-debian-gcc, r-devel-linux-x86_64-fedora-clang, r-devel-linux-x86_64-fedora-gcc, r-devel-windows-ix86+x86_64, r-patched-linux-x86_64, r-patched-solaris-x86, r-release-linux-x86_64, r-release-windows-ix86+x86_64, r-release-osx-x86_64, r-oldrel-windows-ix86+x86_64, r-oldrel-osx-x86_64

Version: 1.1.5
Check: installed package size
Result: NOTE
     installed size is 67.7Mb
     sub-directories of 1Mb or more:
     libs 67.4Mb
Flavors: r-devel-linux-x86_64-fedora-clang, r-devel-windows-ix86+x86_64, r-release-windows-ix86+x86_64, r-release-osx-x86_64, r-oldrel-windows-ix86+x86_64, r-oldrel-osx-x86_64