CRAN Package Check Results for Package staRdom

Last updated on 2019-04-22 01:48:00 CEST.

Flavor Version Tinstall Tcheck Ttotal Status Flags
r-devel-linux-x86_64-debian-clang 1.0.12 15.45 202.76 218.21 OK
r-devel-linux-x86_64-debian-gcc 1.0.12 12.78 154.76 167.54 OK
r-devel-linux-x86_64-fedora-clang 1.0.12 246.62 OK
r-devel-linux-x86_64-fedora-gcc 1.0.12 252.82 OK
r-devel-windows-ix86+x86_64 1.0.12 40.00 254.00 294.00 OK
r-patched-linux-x86_64 1.0.12 14.70 195.62 210.32 OK
r-patched-solaris-x86 1.0.12 431.80 OK
r-release-linux-x86_64 1.0.12 12.11 196.44 208.55 OK
r-release-windows-ix86+x86_64 1.0.12 21.00 376.00 397.00 OK
r-release-osx-x86_64 1.0.12 OK
r-oldrel-windows-ix86+x86_64 1.0.8 35.00 369.00 404.00 OK
r-oldrel-osx-x86_64 1.0.12 ERROR

Check Details

Version: 1.0.12
Check: package dependencies
Result: ERROR
    Package required and available but unsuitable version: ‘parallel’
    
    See section ‘The DESCRIPTION file’ in the ‘Writing R Extensions’
    manual.
Flavor: r-oldrel-osx-x86_64