Last updated on 2019-04-22 01:48:00 CEST.
Flavor | Version | Tinstall | Tcheck | Ttotal | Status | Flags |
---|---|---|---|---|---|---|
r-devel-linux-x86_64-debian-clang | 1.0 | 12.16 | 37.67 | 49.83 | OK | |
r-devel-linux-x86_64-debian-gcc | 1.0 | 9.02 | 30.86 | 39.88 | OK | |
r-devel-linux-x86_64-fedora-clang | 1.0 | 62.03 | NOTE | |||
r-devel-linux-x86_64-fedora-gcc | 1.0 | 61.01 | NOTE | |||
r-devel-windows-ix86+x86_64 | 1.0 | 41.00 | 87.00 | 128.00 | OK | |
r-patched-linux-x86_64 | 1.0 | 10.40 | 37.74 | 48.14 | OK | |
r-patched-solaris-x86 | 1.0 | 92.70 | OK | |||
r-release-linux-x86_64 | 1.0 | 9.31 | 35.95 | 45.26 | OK | |
r-release-windows-ix86+x86_64 | 1.0 | 23.00 | 112.00 | 135.00 | OK | |
r-release-osx-x86_64 | 1.0 | OK | ||||
r-oldrel-windows-ix86+x86_64 | 1.0 | 25.00 | 103.00 | 128.00 | OK | |
r-oldrel-osx-x86_64 | 1.0 | OK |
Version: 1.0
Check: compiled code
Result: NOTE
File ‘steadyICA/libs/steadyICA.so’:
Found no calls to: ‘R_registerRoutines’, ‘R_useDynamicSymbols’
It is good practice to register native routines and to disable symbol
search.
See ‘Writing portable packages’ in the ‘Writing R Extensions’ manual.
Flavors: r-devel-linux-x86_64-fedora-clang, r-devel-linux-x86_64-fedora-gcc