Last updated on 2019-04-22 01:48:00 CEST.
Flavor | Version | Tinstall | Tcheck | Ttotal | Status | Flags |
---|---|---|---|---|---|---|
r-devel-linux-x86_64-debian-clang | 1.7.7 | 195.58 | 387.05 | 582.63 | OK | |
r-devel-linux-x86_64-debian-gcc | 1.7.7 | 143.92 | 289.03 | 432.95 | OK | |
r-devel-linux-x86_64-fedora-clang | 1.7.7 | 766.93 | NOTE | |||
r-devel-linux-x86_64-fedora-gcc | 1.7.7 | 664.23 | NOTE | |||
r-devel-windows-ix86+x86_64 | 1.7.7 | 400.00 | 412.00 | 812.00 | OK | |
r-patched-linux-x86_64 | 1.7.7 | 167.59 | 381.41 | 549.00 | OK | |
r-patched-solaris-x86 | 1.7.7 | 877.10 | NOTE | |||
r-release-linux-x86_64 | 1.7.7 | 161.03 | 384.98 | 546.01 | OK | |
r-release-windows-ix86+x86_64 | 1.7.7 | 302.00 | 536.00 | 838.00 | OK | |
r-release-osx-x86_64 | 1.7.7 | NOTE | ||||
r-oldrel-windows-ix86+x86_64 | 1.7.7 | 269.00 | 585.00 | 854.00 | OK | |
r-oldrel-osx-x86_64 | 1.7.7 | NOTE |
Version: 1.7.7
Check: installed package size
Result: NOTE
installed size is 8.6Mb
sub-directories of 1Mb or more:
libs 6.1Mb
Flavors: r-devel-linux-x86_64-fedora-clang, r-release-osx-x86_64, r-oldrel-osx-x86_64
Version: 1.7.7
Check: dependencies in R code
Result: NOTE
Namespace in Imports field not imported from: ‘knitcitations’
All declared Imports should be used.
Flavors: r-devel-linux-x86_64-fedora-clang, r-devel-linux-x86_64-fedora-gcc, r-patched-solaris-x86, r-release-osx-x86_64, r-oldrel-osx-x86_64