Last updated on 2019-04-22 01:48:00 CEST.
Flavor | Version | Tinstall | Tcheck | Ttotal | Status | Flags |
---|---|---|---|---|---|---|
r-devel-linux-x86_64-debian-clang | 1.0 | 3.16 | 40.23 | 43.39 | OK | |
r-devel-linux-x86_64-debian-gcc | 1.0 | 2.33 | 31.17 | 33.50 | OK | |
r-devel-linux-x86_64-fedora-clang | 1.0 | 51.73 | NOTE | |||
r-devel-linux-x86_64-fedora-gcc | 1.0 | 51.33 | NOTE | |||
r-devel-windows-ix86+x86_64 | 1.0 | 11.00 | 46.00 | 57.00 | OK | |
r-patched-linux-x86_64 | 1.0 | 3.38 | 39.80 | 43.18 | OK | |
r-patched-solaris-x86 | 1.0 | 74.40 | NOTE | |||
r-release-linux-x86_64 | 1.0 | 2.66 | 38.27 | 40.93 | OK | |
r-release-windows-ix86+x86_64 | 1.0 | 5.00 | 69.00 | 74.00 | OK | |
r-release-osx-x86_64 | 1.0 | NOTE | ||||
r-oldrel-windows-ix86+x86_64 | 1.0 | 4.00 | 68.00 | 72.00 | OK | |
r-oldrel-osx-x86_64 | 1.0 | NOTE |
Version: 1.0
Check: dependencies in R code
Result: NOTE
Namespace in Imports field not imported from: ‘boot’
All declared Imports should be used.
Flavors: r-devel-linux-x86_64-fedora-clang, r-devel-linux-x86_64-fedora-gcc, r-patched-solaris-x86, r-release-osx-x86_64, r-oldrel-osx-x86_64