CRAN Package Check Results for Package superbiclust

Last updated on 2019-04-22 01:48:00 CEST.

Flavor Version Tinstall Tcheck Ttotal Status Flags
r-devel-linux-x86_64-debian-clang 1.1 11.43 91.92 103.35 NOTE
r-devel-linux-x86_64-debian-gcc 1.1 10.04 73.54 83.58 NOTE
r-devel-linux-x86_64-fedora-clang 1.1 121.56 NOTE
r-devel-linux-x86_64-fedora-gcc 1.1 117.06 NOTE
r-devel-windows-ix86+x86_64 1.1 31.00 95.00 126.00 NOTE
r-patched-linux-x86_64 1.1 12.55 89.63 102.18 NOTE
r-patched-solaris-x86 1.1 187.60 NOTE
r-release-linux-x86_64 1.1 6.95 87.51 94.46 NOTE
r-release-windows-ix86+x86_64 1.1 15.00 138.00 153.00 NOTE
r-release-osx-x86_64 1.1 NOTE
r-oldrel-windows-ix86+x86_64 1.1 22.00 132.00 154.00 NOTE
r-oldrel-osx-x86_64 1.1 NOTE

Check Details

Version: 1.1
Check: R code for possible problems
Result: NOTE
    HCLtree: no visible global function definition for 'hclust'
    HCLtree: no visible global function definition for 'as.dist'
    plotProfilesAcrossAllSamples: no visible global function definition for
     'matplot'
    plotProfilesAcrossAllSamples: no visible global function definition for
     'matlines'
    plotProfilesAcrossAllSamples: no visible global function definition for
     'axis'
    plotProfilesAcrossAllSamples: no visible global function definition for
     'box'
    plotProfilesWithinBicluster: no visible global function definition for
     'matplot'
    plotProfilesWithinBicluster: no visible global function definition for
     'title'
    plotProfilesWithinBicluster: no visible global function definition for
     'axis'
    plotProfilesWithinBicluster: no visible global function definition for
     'par'
    plotProfilesWithinBicluster: no visible global function definition for
     'box'
    plotProfilesWithinBicluster: no visible global function definition for
     'matlines'
    plotProfilesWithinBicluster: no visible global function definition for
     'legend'
    Undefined global functions or variables:
     as.dist axis box hclust legend matlines matplot par title
    Consider adding
     importFrom("graphics", "axis", "box", "legend", "matlines", "matplot",
     "par", "title")
     importFrom("stats", "as.dist", "hclust")
    to your NAMESPACE file.
Flavors: r-devel-linux-x86_64-debian-clang, r-devel-linux-x86_64-debian-gcc, r-devel-linux-x86_64-fedora-clang, r-devel-linux-x86_64-fedora-gcc, r-devel-windows-ix86+x86_64, r-patched-linux-x86_64, r-patched-solaris-x86, r-release-linux-x86_64, r-release-windows-ix86+x86_64, r-release-osx-x86_64, r-oldrel-windows-ix86+x86_64, r-oldrel-osx-x86_64