Last updated on 2019-04-22 01:48:01 CEST.
Flavor | Version | Tinstall | Tcheck | Ttotal | Status | Flags |
---|---|---|---|---|---|---|
r-devel-linux-x86_64-debian-clang | 1.0.1 | 195.61 | 141.18 | 336.79 | OK | |
r-devel-linux-x86_64-debian-gcc | 1.0.1 | 167.71 | 108.58 | 276.29 | OK | |
r-devel-linux-x86_64-fedora-clang | 1.0.1 | 495.83 | NOTE | |||
r-devel-linux-x86_64-fedora-gcc | 1.0.1 | 455.33 | OK | |||
r-devel-windows-ix86+x86_64 | 1.0.1 | 533.00 | 236.00 | 769.00 | NOTE | |
r-patched-linux-x86_64 | 1.0.1 | 194.23 | 138.25 | 332.48 | OK | |
r-patched-solaris-x86 | 1.0.1 | 462.40 | OK | |||
r-release-linux-x86_64 | 1.0.1 | 188.24 | 136.20 | 324.44 | OK | |
r-release-windows-ix86+x86_64 | 1.0.1 | 399.00 | 327.00 | 726.00 | NOTE | |
r-release-osx-x86_64 | 1.0.1 | NOTE | ||||
r-oldrel-windows-ix86+x86_64 | 1.0.1 | 555.00 | 330.00 | 885.00 | NOTE | |
r-oldrel-osx-x86_64 | 1.0.1 | NOTE |
Version: 1.0.1
Check: installed package size
Result: NOTE
installed size is 17.8Mb
sub-directories of 1Mb or more:
data 2.4Mb
libs 15.1Mb
Flavors: r-devel-linux-x86_64-fedora-clang, r-devel-windows-ix86+x86_64, r-release-windows-ix86+x86_64, r-release-osx-x86_64, r-oldrel-windows-ix86+x86_64, r-oldrel-osx-x86_64