Last updated on 2019-04-22 01:48:01 CEST.
Flavor | Version | Tinstall | Tcheck | Ttotal | Status | Flags |
---|---|---|---|---|---|---|
r-devel-linux-x86_64-debian-clang | 2.4.2 | 29.58 | 107.38 | 136.96 | OK | |
r-devel-linux-x86_64-debian-gcc | 2.4.2 | 23.09 | 79.46 | 102.55 | OK | |
r-devel-linux-x86_64-fedora-clang | 2.4.2 | 170.23 | OK | |||
r-devel-linux-x86_64-fedora-gcc | 2.4.2 | 158.44 | OK | |||
r-devel-windows-ix86+x86_64 | 2.4.2 | 80.00 | 159.00 | 239.00 | NOTE | |
r-patched-linux-x86_64 | 2.4.2 | 28.22 | 103.25 | 131.47 | OK | |
r-patched-solaris-x86 | 2.4.2 | 193.60 | OK | |||
r-release-linux-x86_64 | 2.4.2 | 29.06 | 104.48 | 133.54 | OK | |
r-release-windows-ix86+x86_64 | 2.4.2 | 51.00 | 239.00 | 290.00 | NOTE | |
r-release-osx-x86_64 | 2.4.2 | OK | ||||
r-oldrel-windows-ix86+x86_64 | 2.4.2 | 58.00 | 228.00 | 286.00 | NOTE | |
r-oldrel-osx-x86_64 | 2.4.2 | OK |
Version: 2.4.2
Check: installed package size
Result: NOTE
installed size is 5.5Mb
sub-directories of 1Mb or more:
doc 3.2Mb
libs 1.5Mb
Flavors: r-devel-windows-ix86+x86_64, r-release-windows-ix86+x86_64, r-oldrel-windows-ix86+x86_64