CRAN Package Check Results for Package tfse

Last updated on 2019-04-22 01:48:01 CEST.

Flavor Version Tinstall Tcheck Ttotal Status Flags
r-devel-linux-x86_64-debian-clang 0.5.0 3.23 31.15 34.38 OK
r-devel-linux-x86_64-debian-gcc 0.5.0 2.57 24.76 27.33 OK
r-devel-linux-x86_64-fedora-clang 0.5.0 40.68 OK
r-devel-linux-x86_64-fedora-gcc 0.5.0 38.54 OK
r-devel-windows-ix86+x86_64 0.5.0 11.00 38.00 49.00 OK
r-patched-linux-x86_64 0.5.0 2.94 31.14 34.08 OK
r-patched-solaris-x86 0.5.0 49.20 OK
r-release-linux-x86_64 0.5.0 1.84 29.45 31.29 OK
r-release-windows-ix86+x86_64 0.5.0 5.00 52.00 57.00 OK
r-release-osx-x86_64 0.4.4 NOTE
r-oldrel-windows-ix86+x86_64 0.5.0 4.00 46.00 50.00 OK
r-oldrel-osx-x86_64 0.4.4 NOTE

Check Details

Version: 0.4.4
Check: data for non-ASCII characters
Result: NOTE
     Note: found 30 marked UTF-8 strings
Flavors: r-release-osx-x86_64, r-oldrel-osx-x86_64