CRAN Package Check Results for Package tidyRSS

Last updated on 2019-04-22 01:48:01 CEST.

Flavor Version Tinstall Tcheck Ttotal Status Flags
r-devel-linux-x86_64-debian-clang 1.2.8 5.73 49.32 55.05 OK
r-devel-linux-x86_64-debian-gcc 1.2.8 5.59 39.99 45.58 OK
r-devel-linux-x86_64-fedora-clang 1.2.8 67.74 NOTE
r-devel-linux-x86_64-fedora-gcc 1.2.8 63.10 NOTE
r-devel-windows-ix86+x86_64 1.2.8 19.00 56.00 75.00 OK
r-patched-linux-x86_64 1.2.8 5.55 46.67 52.22 OK
r-patched-solaris-x86 1.2.8 127.30 NOTE
r-release-linux-x86_64 1.2.8 3.52 45.65 49.17 OK
r-release-windows-ix86+x86_64 1.2.8 7.00 97.00 104.00 OK
r-release-osx-x86_64 1.2.8 NOTE
r-oldrel-windows-ix86+x86_64 1.2.8 11.00 84.00 95.00 OK
r-oldrel-osx-x86_64 1.2.8 NOTE

Check Details

Version: 1.2.8
Check: dependencies in R code
Result: NOTE
    Namespace in Imports field not imported from: ‘testthat’
     All declared Imports should be used.
Flavors: r-devel-linux-x86_64-fedora-clang, r-devel-linux-x86_64-fedora-gcc, r-patched-solaris-x86, r-release-osx-x86_64, r-oldrel-osx-x86_64