Last updated on 2019-04-22 01:48:01 CEST.
Flavor | Version | Tinstall | Tcheck | Ttotal | Status | Flags |
---|---|---|---|---|---|---|
r-devel-linux-x86_64-debian-clang | 0.4.0 | 6.98 | 305.93 | 312.91 | OK | |
r-devel-linux-x86_64-debian-gcc | 0.4.0 | 5.47 | 245.93 | 251.40 | OK | |
r-devel-linux-x86_64-fedora-clang | 0.4.0 | 383.74 | NOTE | |||
r-devel-linux-x86_64-fedora-gcc | 0.4.0 | 374.16 | NOTE | |||
r-devel-windows-ix86+x86_64 | 0.4.0 | 21.00 | 312.00 | 333.00 | NOTE | |
r-patched-linux-x86_64 | 0.4.0 | 6.20 | 318.85 | 325.05 | OK | |
r-patched-solaris-x86 | 0.4.0 | 503.50 | NOTE | |||
r-release-linux-x86_64 | 0.4.0 | 4.50 | 315.34 | 319.84 | OK | |
r-release-windows-ix86+x86_64 | 0.4.0 | 9.00 | 255.00 | 264.00 | NOTE | |
r-release-osx-x86_64 | 0.4.0 | NOTE | ||||
r-oldrel-windows-ix86+x86_64 | 0.4.0 | 11.00 | 425.00 | 436.00 | NOTE | |
r-oldrel-osx-x86_64 | 0.3.8 | NOTE |
Version: 0.4.0
Check: installed package size
Result: NOTE
installed size is 5.9Mb
sub-directories of 1Mb or more:
extdata 4.4Mb
Flavors: r-devel-linux-x86_64-fedora-clang, r-devel-windows-ix86+x86_64, r-patched-solaris-x86, r-release-windows-ix86+x86_64, r-release-osx-x86_64, r-oldrel-windows-ix86+x86_64
Version: 0.4.0
Check: dependencies in R code
Result: NOTE
Namespaces in Imports field not imported from:
‘here’ ‘htmltools’ ‘scales’ ‘stringr’
All declared Imports should be used.
Flavors: r-devel-linux-x86_64-fedora-clang, r-devel-linux-x86_64-fedora-gcc, r-patched-solaris-x86, r-release-osx-x86_64
Version: 0.4.0
Check: data for non-ASCII characters
Result: NOTE
Note: found 66 marked UTF-8 strings
Flavors: r-devel-linux-x86_64-fedora-clang, r-devel-linux-x86_64-fedora-gcc, r-patched-solaris-x86, r-release-osx-x86_64
Version: 0.3.8
Check: installed package size
Result: NOTE
installed size is 5.1Mb
sub-directories of 1Mb or more:
extdata 4.4Mb
Flavor: r-oldrel-osx-x86_64
Version: 0.3.8
Check: dependencies in R code
Result: NOTE
Namespaces in Imports field not imported from:
‘here’ ‘htmltools’ ‘scales’ ‘stringr’
All declared Imports should be used.
Flavor: r-oldrel-osx-x86_64
Version: 0.3.8
Check: data for non-ASCII characters
Result: NOTE
Note: found 41 marked UTF-8 strings
Flavor: r-oldrel-osx-x86_64