CRAN Package Check Results for Package tigger

Last updated on 2019-04-22 01:48:02 CEST.

Flavor Version Tinstall Tcheck Ttotal Status Flags
r-devel-linux-x86_64-debian-clang 0.3.1 10.87 145.79 156.66 OK
r-devel-linux-x86_64-debian-gcc 0.3.1 10.43 114.51 124.94 OK
r-devel-linux-x86_64-fedora-clang 0.3.1 188.42 OK
r-devel-linux-x86_64-fedora-gcc 0.3.1 177.18 OK
r-devel-windows-ix86+x86_64 0.3.1 31.00 144.00 175.00 OK
r-patched-linux-x86_64 0.3.1 11.96 143.76 155.72 OK
r-patched-solaris-x86 0.3.1 194.70 WARN
r-release-linux-x86_64 0.3.1 8.75 144.05 152.80 OK
r-release-windows-ix86+x86_64 0.3.1 15.00 237.00 252.00 OK
r-release-osx-x86_64 0.3.1 WARN
r-oldrel-windows-ix86+x86_64 0.3.1 30.00 258.00 288.00 OK
r-oldrel-osx-x86_64 0.3.1 WARN

Check Details

Version: 0.3.1
Check: re-building of vignette outputs
Result: WARN
    Error(s) in re-building vignettes:
     ...
    --- re-building ‘Tigger-Vignette.Rmd’ using rmarkdown
    Warning in engine$weave(file, quiet = quiet, encoding = enc) :
     The vignette engine knitr::rmarkdown is not available, because the rmarkdown package is not installed. Please install it.
    Loading required package: ggplot2
    
    Attaching package: 'dplyr'
    
    The following objects are masked from 'package:stats':
    
     filter, lag
    
    The following objects are masked from 'package:base':
    
     intersect, setdiff, setequal, union
    
    sh: nproc: not found
    Quitting from lines 107-109 (Tigger-Vignette.Rmd)
    Error: processing vignette 'Tigger-Vignette.Rmd' failed with diagnostics:
    error in running command: 'Illegal seek'
    --- failed re-building ‘Tigger-Vignette.Rmd’
    
    SUMMARY: processing the following file failed:
     ‘Tigger-Vignette.Rmd’
    
    Error: Vignette re-building failed.
    Execution halted
Flavor: r-patched-solaris-x86

Version: 0.3.1
Check: re-building of vignette outputs
Result: WARN
    Error in re-building vignettes:
     ...
    Warning in engine$weave(file, quiet = quiet, encoding = enc) :
     Pandoc (>= 1.12.3) and/or pandoc-citeproc not available. Falling back to R Markdown v1.
    Loading required package: ggplot2
    
    Attaching package: 'dplyr'
    
    The following objects are masked from 'package:stats':
    
     filter, lag
    
    The following objects are masked from 'package:base':
    
     intersect, setdiff, setequal, union
    
    sh: sysctl: command not found
    Quitting from lines 107-109 (Tigger-Vignette.Rmd)
    Error: processing vignette 'Tigger-Vignette.Rmd' failed with diagnostics:
    error in running command
    Execution halted
Flavors: r-release-osx-x86_64, r-oldrel-osx-x86_64