Last updated on 2019-04-22 01:48:02 CEST.
Flavor | Version | Tinstall | Tcheck | Ttotal | Status | Flags |
---|---|---|---|---|---|---|
r-devel-linux-x86_64-debian-clang | 1.3 | 7.11 | 59.11 | 66.22 | NOTE | |
r-devel-linux-x86_64-debian-gcc | 1.3 | 5.93 | 46.46 | 52.39 | NOTE | |
r-devel-linux-x86_64-fedora-clang | 1.3 | 77.90 | NOTE | |||
r-devel-linux-x86_64-fedora-gcc | 1.3 | 75.99 | NOTE | |||
r-devel-windows-ix86+x86_64 | 1.3 | 17.00 | 76.00 | 93.00 | NOTE | |
r-patched-linux-x86_64 | 1.3 | 7.15 | 58.39 | 65.54 | NOTE | |
r-patched-solaris-x86 | 1.3 | 125.80 | NOTE | |||
r-release-linux-x86_64 | 1.3 | 3.76 | 52.96 | 56.72 | NOTE | |
r-release-windows-ix86+x86_64 | 1.3 | 7.00 | 110.00 | 117.00 | NOTE | |
r-release-osx-x86_64 | 1.3 | NOTE | ||||
r-oldrel-windows-ix86+x86_64 | 1.3 | 7.00 | 99.00 | 106.00 | NOTE | |
r-oldrel-osx-x86_64 | 1.3 | NOTE |
Version: 1.3
Check: R code for possible problems
Result: NOTE
extractContentDOM: no visible global function definition for
'capture.output'
extractHTMLStrip: no visible global function definition for
'capture.output'
Undefined global functions or variables:
capture.output
Consider adding
importFrom("utils", "capture.output")
to your NAMESPACE file.
Flavors: r-devel-linux-x86_64-debian-clang, r-devel-linux-x86_64-debian-gcc, r-devel-linux-x86_64-fedora-clang, r-devel-linux-x86_64-fedora-gcc, r-devel-windows-ix86+x86_64, r-patched-linux-x86_64, r-patched-solaris-x86, r-release-linux-x86_64, r-release-windows-ix86+x86_64, r-release-osx-x86_64, r-oldrel-windows-ix86+x86_64, r-oldrel-osx-x86_64