Last updated on 2019-04-22 01:48:02 CEST.
Flavor | Version | Tinstall | Tcheck | Ttotal | Status | Flags |
---|---|---|---|---|---|---|
r-devel-linux-x86_64-debian-clang | 1.0.4 | 17.49 | 131.48 | 148.97 | OK | |
r-devel-linux-x86_64-debian-gcc | 1.0.4 | 14.72 | 101.07 | 115.79 | OK | |
r-devel-linux-x86_64-fedora-clang | 1.0.4 | 175.80 | OK | |||
r-devel-linux-x86_64-fedora-gcc | 1.0.4 | 168.80 | OK | |||
r-devel-windows-ix86+x86_64 | 1.0.4 | 45.00 | 142.00 | 187.00 | OK | |
r-patched-linux-x86_64 | 1.0.4 | 18.24 | 128.17 | 146.41 | OK | |
r-patched-solaris-x86 | 1.0.4 | 253.90 | OK | |||
r-release-linux-x86_64 | 1.0.4 | 13.03 | 123.85 | 136.88 | OK | |
r-release-windows-ix86+x86_64 | 1.0.4 | 25.00 | 149.00 | 174.00 | OK | |
r-release-osx-x86_64 | 1.0.4 | OK | ||||
r-oldrel-windows-ix86+x86_64 | 1.0.4 | 32.00 | 244.00 | 276.00 | OK | |
r-oldrel-osx-x86_64 | 1.0.3 | NOTE |
Version: 1.0.3
Check: dependencies in R code
Result: NOTE
Namespaces in Imports field not imported from:
‘shinyAce’ ‘shinycssloaders’ ‘shinydashboard’
All declared Imports should be used.
Flavor: r-oldrel-osx-x86_64