CRAN Package Check Results for Package trialr

Last updated on 2019-04-22 01:48:02 CEST.

Flavor Version Tinstall Tcheck Ttotal Status Flags
r-devel-linux-x86_64-debian-clang 0.0.7 224.56 177.45 402.01 NOTE
r-devel-linux-x86_64-debian-gcc 0.0.7 219.13 138.80 357.93 NOTE
r-devel-linux-x86_64-fedora-clang 0.1.0 1188.86 NOTE
r-devel-linux-x86_64-fedora-gcc 0.1.0 1077.82 NOTE
r-devel-windows-ix86+x86_64 0.0.7 471.00 276.00 747.00 NOTE
r-patched-linux-x86_64 0.0.7 236.12 182.29 418.41 NOTE
r-patched-solaris-x86 0.1.0 935.50 NOTE
r-release-linux-x86_64 0.0.7 234.37 162.16 396.53 NOTE
r-release-windows-ix86+x86_64 0.0.7 375.00 344.00 719.00 NOTE
r-release-osx-x86_64 0.0.7 NOTE
r-oldrel-windows-ix86+x86_64 0.0.7 482.00 440.00 922.00 NOTE
r-oldrel-osx-x86_64 0.0.7 NOTE

Check Details

Version: 0.0.7
Check: for GNU extensions in Makefiles
Result: NOTE
    GNU make is a SystemRequirements.
Flavors: r-devel-linux-x86_64-debian-clang, r-devel-linux-x86_64-debian-gcc, r-devel-windows-ix86+x86_64, r-patched-linux-x86_64, r-release-linux-x86_64, r-release-windows-ix86+x86_64, r-release-osx-x86_64, r-oldrel-windows-ix86+x86_64, r-oldrel-osx-x86_64

Version: 0.1.0
Check: installed package size
Result: NOTE
     installed size is 89.4Mb
     sub-directories of 1Mb or more:
     doc 1.6Mb
     libs 87.1Mb
Flavors: r-devel-linux-x86_64-fedora-clang, r-patched-solaris-x86

Version: 0.1.0
Check: dependencies in R code
Result: NOTE
    Namespaces in Imports field not imported from:
     ‘dplyr’ ‘magrittr’ ‘tidyr’
     All declared Imports should be used.
Flavors: r-devel-linux-x86_64-fedora-clang, r-devel-linux-x86_64-fedora-gcc, r-patched-solaris-x86

Version: 0.1.0
Check: for GNU extensions in Makefiles
Result: NOTE
    GNU make is a SystemRequirements.
Flavors: r-devel-linux-x86_64-fedora-clang, r-devel-linux-x86_64-fedora-gcc, r-patched-solaris-x86

Version: 0.0.7
Check: installed package size
Result: NOTE
     installed size is 10.0Mb
     sub-directories of 1Mb or more:
     libs 8.6Mb
Flavors: r-devel-windows-ix86+x86_64, r-release-windows-ix86+x86_64, r-release-osx-x86_64, r-oldrel-windows-ix86+x86_64, r-oldrel-osx-x86_64