CRAN Package Check Results for Package triebeard

Last updated on 2019-04-22 01:48:02 CEST.

Flavor Version Tinstall Tcheck Ttotal Status Flags
r-devel-linux-x86_64-debian-clang 0.3.0 70.71 27.95 98.66 OK
r-devel-linux-x86_64-debian-gcc 0.3.0 53.34 22.54 75.88 OK
r-devel-linux-x86_64-fedora-clang 0.3.0 150.64 NOTE
r-devel-linux-x86_64-fedora-gcc 0.3.0 123.42 NOTE
r-devel-windows-ix86+x86_64 0.3.0 172.00 62.00 234.00 OK
r-patched-linux-x86_64 0.3.0 65.15 27.69 92.84 OK
r-patched-solaris-x86 0.3.0 131.50 OK
r-release-linux-x86_64 0.3.0 63.45 25.49 88.94 OK
r-release-windows-ix86+x86_64 0.3.0 122.00 93.00 215.00 OK
r-release-osx-x86_64 0.3.0 OK
r-oldrel-windows-ix86+x86_64 0.3.0 120.00 84.00 204.00 OK
r-oldrel-osx-x86_64 0.3.0 OK

Check Details

Version: 0.3.0
Check: compiled code
Result: NOTE
    File ‘triebeard/libs/triebeard.so’:
     Found no calls to: ‘R_registerRoutines’, ‘R_useDynamicSymbols’
    
    It is good practice to register native routines and to disable symbol
    search.
    
    See ‘Writing portable packages’ in the ‘Writing R Extensions’ manual.
Flavors: r-devel-linux-x86_64-fedora-clang, r-devel-linux-x86_64-fedora-gcc