CRAN Package Check Results for Package trip

Last updated on 2019-04-22 01:48:02 CEST.

Flavor Version Tinstall Tcheck Ttotal Status Flags
r-devel-linux-x86_64-debian-clang 1.6.0 17.37 190.93 208.30 OK
r-devel-linux-x86_64-debian-gcc 1.6.0 15.33 149.11 164.44 OK
r-devel-linux-x86_64-fedora-clang 1.6.0 243.95 OK
r-devel-linux-x86_64-fedora-gcc 1.6.0 224.86 OK
r-devel-windows-ix86+x86_64 1.6.0 48.00 195.00 243.00 OK
r-patched-linux-x86_64 1.6.0 18.42 187.29 205.71 OK
r-patched-solaris-x86 1.6.0 337.60 OK
r-release-linux-x86_64 1.6.0 14.22 195.13 209.35 OK
r-release-windows-ix86+x86_64 1.6.0 32.00 200.00 232.00 OK
r-release-osx-x86_64 1.6.0 OK
r-oldrel-windows-ix86+x86_64 1.6.0 49.00 277.00 326.00 OK
r-oldrel-osx-x86_64 1.5.0 WARN

Check Details

Version: 1.5.0
Check: package dependencies
Result: NOTE
    Package suggested but not available for checking: ‘rgdal’
Flavor: r-oldrel-osx-x86_64

Version: 1.5.0
Check: Rd cross-references
Result: NOTE
    Package unavailable to check Rd xrefs: ‘rgdal’
Flavor: r-oldrel-osx-x86_64

Version: 1.5.0
Check: re-building of vignette outputs
Result: WARN
    Error in re-building vignettes:
     ...
    Warning in engine$weave(file, quiet = quiet, encoding = enc) :
     Pandoc (>= 1.12.3) and/or pandoc-citeproc not available. Falling back to R Markdown v1.
    Quitting from lines 62-71 (trip.Rmd)
    Error: processing vignette 'trip.Rmd' failed with diagnostics:
    there is no package called 'rgdal'
    Execution halted
Flavor: r-oldrel-osx-x86_64