CRAN Package Check Results for Package tseriesChaos

Last updated on 2019-04-22 01:48:02 CEST.

Flavor Version Tinstall Tcheck Ttotal Status Flags
r-devel-linux-x86_64-debian-clang 0.1-13.1 3.87 23.72 27.59 OK
r-devel-linux-x86_64-debian-gcc 0.1-13.1 2.75 19.11 21.86 OK
r-devel-linux-x86_64-fedora-clang 0.1-13.1 33.36 NOTE
r-devel-linux-x86_64-fedora-gcc 0.1-13.1 31.51 NOTE
r-devel-windows-ix86+x86_64 0.1-13.1 20.00 44.00 64.00 OK
r-patched-linux-x86_64 0.1-13.1 3.34 23.55 26.89 OK
r-patched-solaris-x86 0.1-13.1 51.40 OK
r-release-linux-x86_64 0.1-13.1 2.92 22.47 25.39 OK
r-release-windows-ix86+x86_64 0.1-13.1 18.00 60.00 78.00 OK
r-release-osx-x86_64 0.1-13.1 OK
r-oldrel-windows-ix86+x86_64 0.1-13.1 15.00 42.00 57.00 OK
r-oldrel-osx-x86_64 0.1-13.1 OK

Check Details

Version: 0.1-13.1
Check: compiled code
Result: NOTE
    File ‘tseriesChaos/libs/tseriesChaos.so’:
     Found no calls to: ‘R_registerRoutines’, ‘R_useDynamicSymbols’
    
    It is good practice to register native routines and to disable symbol
    search.
    
    See ‘Writing portable packages’ in the ‘Writing R Extensions’ manual.
Flavors: r-devel-linux-x86_64-fedora-clang, r-devel-linux-x86_64-fedora-gcc