CRAN Package Check Results for Package tumblR

Last updated on 2019-04-22 01:48:03 CEST.

Flavor Version Tinstall Tcheck Ttotal Status Flags
r-devel-linux-x86_64-debian-clang 1.1 3.09 30.35 33.44 NOTE
r-devel-linux-x86_64-debian-gcc 1.1 3.12 24.40 27.52 NOTE
r-devel-linux-x86_64-fedora-clang 1.1 39.94 NOTE
r-devel-linux-x86_64-fedora-gcc 1.1 38.46 NOTE
r-devel-windows-ix86+x86_64 1.1 9.00 44.00 53.00 NOTE
r-patched-linux-x86_64 1.1 2.77 30.30 33.07 NOTE
r-patched-solaris-x86 1.1 68.90 NOTE
r-release-linux-x86_64 1.1 2.47 28.52 30.99 NOTE
r-release-windows-ix86+x86_64 1.1 5.00 68.00 73.00 NOTE
r-release-osx-x86_64 1.1 NOTE
r-oldrel-windows-ix86+x86_64 1.1 5.00 54.00 59.00 NOTE
r-oldrel-osx-x86_64 1.1 NOTE

Check Details

Version: 1.1
Check: R code for possible problems
Result: NOTE
    http.connection: no visible global function definition for 'setNames'
    Undefined global functions or variables:
     setNames
    Consider adding
     importFrom("stats", "setNames")
    to your NAMESPACE file.
Flavors: r-devel-linux-x86_64-debian-clang, r-devel-linux-x86_64-debian-gcc, r-devel-linux-x86_64-fedora-clang, r-devel-linux-x86_64-fedora-gcc, r-devel-windows-ix86+x86_64, r-patched-linux-x86_64, r-patched-solaris-x86, r-release-linux-x86_64, r-release-windows-ix86+x86_64, r-release-osx-x86_64, r-oldrel-windows-ix86+x86_64, r-oldrel-osx-x86_64