Last updated on 2019-04-22 01:48:03 CEST.
Flavor | Version | Tinstall | Tcheck | Ttotal | Status | Flags |
---|---|---|---|---|---|---|
r-devel-linux-x86_64-debian-clang | 1.1.1 | 41.11 | 112.47 | 153.58 | OK | |
r-devel-linux-x86_64-debian-gcc | 1.1.1 | 41.71 | 91.10 | 132.81 | OK | |
r-devel-linux-x86_64-fedora-clang | 1.1.1 | 204.33 | NOTE | |||
r-devel-linux-x86_64-fedora-gcc | 1.1.1 | 203.05 | OK | |||
r-devel-windows-ix86+x86_64 | 1.1.1 | 102.00 | 199.00 | 301.00 | OK | |
r-patched-linux-x86_64 | 1.1.1 | 45.18 | 100.09 | 145.27 | OK | |
r-patched-solaris-x86 | 1.1.1 | 320.40 | OK | |||
r-release-linux-x86_64 | 1.1.1 | 44.78 | 96.82 | 141.60 | OK | |
r-release-windows-ix86+x86_64 | 1.1.1 | 74.00 | 202.00 | 276.00 | OK | |
r-release-osx-x86_64 | 1.1.1 | NOTE | ||||
r-oldrel-windows-ix86+x86_64 | 1.1.1 | 100.00 | 277.00 | 377.00 | OK | |
r-oldrel-osx-x86_64 | 1.1.1 | NOTE |
Version: 1.1.1
Check: installed package size
Result: NOTE
installed size is 14.9Mb
sub-directories of 1Mb or more:
libs 14.4Mb
Flavors: r-devel-linux-x86_64-fedora-clang, r-release-osx-x86_64, r-oldrel-osx-x86_64