Last updated on 2019-04-22 01:48:03 CEST.
Flavor | Version | Tinstall | Tcheck | Ttotal | Status | Flags |
---|---|---|---|---|---|---|
r-devel-linux-x86_64-debian-clang | 1.8.0 | 121.04 | 197.15 | 318.19 | OK | |
r-devel-linux-x86_64-debian-gcc | 1.8.0 | 99.61 | 164.93 | 264.54 | OK | |
r-devel-linux-x86_64-fedora-clang | 1.8.0 | 443.58 | NOTE | |||
r-devel-linux-x86_64-fedora-gcc | 1.8.0 | 414.62 | OK | |||
r-devel-windows-ix86+x86_64 | 1.8.0 | 354.00 | 308.00 | 662.00 | OK | |
r-patched-linux-x86_64 | 1.8.0 | 114.82 | 198.04 | 312.86 | OK | |
r-patched-solaris-x86 | 1.8.0 | 528.50 | OK | |||
r-release-linux-x86_64 | 1.8.0 | 116.54 | 191.21 | 307.75 | OK | |
r-release-windows-ix86+x86_64 | 1.8.0 | 277.00 | 320.00 | 597.00 | OK | |
r-release-osx-x86_64 | 1.8.0 | NOTE | ||||
r-oldrel-windows-ix86+x86_64 | 1.8.0 | 345.00 | 425.00 | 770.00 | OK | |
r-oldrel-osx-x86_64 | 1.8.0 | NOTE |
Version: 1.8.0
Check: installed package size
Result: NOTE
installed size is 7.3Mb
sub-directories of 1Mb or more:
libs 5.4Mb
Flavors: r-devel-linux-x86_64-fedora-clang, r-release-osx-x86_64, r-oldrel-osx-x86_64