Last updated on 2019-04-22 01:48:03 CEST.
Flavor | Version | Tinstall | Tcheck | Ttotal | Status | Flags |
---|---|---|---|---|---|---|
r-devel-linux-x86_64-debian-clang | 0.7.0 | 18.88 | 180.46 | 199.34 | OK | |
r-devel-linux-x86_64-debian-gcc | 0.7.0 | 17.30 | 142.36 | 159.66 | OK | |
r-devel-linux-x86_64-fedora-clang | 0.7.0 | 233.19 | OK | |||
r-devel-linux-x86_64-fedora-gcc | 0.7.0 | 226.83 | OK | |||
r-devel-windows-ix86+x86_64 | 0.7.0 | 43.00 | 189.00 | 232.00 | OK | |
r-patched-linux-x86_64 | 0.7.0 | 19.03 | 175.95 | 194.98 | OK | |
r-patched-solaris-x86 | 0.7.0 | 342.10 | NOTE | |||
r-release-linux-x86_64 | 0.7.0 | 15.81 | 179.62 | 195.43 | OK | |
r-release-windows-ix86+x86_64 | 0.7.0 | 22.00 | 189.00 | 211.00 | OK | |
r-release-osx-x86_64 | 0.7.0 | OK | ||||
r-oldrel-windows-ix86+x86_64 | 0.7.0 | 17.00 | 257.00 | 274.00 | OK | |
r-oldrel-osx-x86_64 | 0.6.0 | OK |
Version: 0.7.0
Check: installed package size
Result: NOTE
installed size is 5.3Mb
sub-directories of 1Mb or more:
R 2.6Mb
Flavor: r-patched-solaris-x86