Last updated on 2019-04-22 01:48:03 CEST.
Flavor | Version | Tinstall | Tcheck | Ttotal | Status | Flags |
---|---|---|---|---|---|---|
r-devel-linux-x86_64-debian-clang | 2.0.6 | 7.76 | 63.44 | 71.20 | OK | |
r-devel-linux-x86_64-debian-gcc | 2.0.6 | 7.58 | 49.54 | 57.12 | OK | |
r-devel-linux-x86_64-fedora-clang | 2.0.6 | 84.12 | NOTE | |||
r-devel-linux-x86_64-fedora-gcc | 2.0.6 | 79.63 | OK | |||
r-devel-windows-ix86+x86_64 | 2.0.6 | 25.00 | 88.00 | 113.00 | NOTE | |
r-patched-linux-x86_64 | 2.0.6 | 9.00 | 61.57 | 70.57 | OK | |
r-patched-solaris-x86 | 2.0.6 | 107.60 | WARN | |||
r-release-linux-x86_64 | 2.0.6 | 8.09 | 60.39 | 68.48 | OK | |
r-release-windows-ix86+x86_64 | 2.0.6 | 15.00 | 89.00 | 104.00 | NOTE | |
r-release-osx-x86_64 | 2.0.6 | WARN | ||||
r-oldrel-windows-ix86+x86_64 | 2.0.6 | 13.00 | 117.00 | 130.00 | NOTE | |
r-oldrel-osx-x86_64 | 2.0.6 | WARN |
Version: 2.0.6
Check: installed package size
Result: NOTE
installed size is 11.2Mb
sub-directories of 1Mb or more:
doc 4.2Mb
docjs 1.4Mb
htmlwidgets 4.0Mb
Flavors: r-devel-linux-x86_64-fedora-clang, r-devel-windows-ix86+x86_64, r-patched-solaris-x86, r-release-windows-ix86+x86_64, r-release-osx-x86_64, r-oldrel-windows-ix86+x86_64, r-oldrel-osx-x86_64
Version: 2.0.6
Check: re-building of vignette outputs
Result: WARN
Error(s) in re-building vignettes:
...
--- re-building ‘Introduction-to-visNetwork.Rmd’ using rmarkdown
Warning in engine$weave(file, quiet = quiet, encoding = enc) :
Pandoc (>= 1.12.3) and/or pandoc-citeproc not available. Falling back to R Markdown v1.
Quitting from lines 22-27 (Introduction-to-visNetwork.Rmd)
Error: processing vignette 'Introduction-to-visNetwork.Rmd' failed with diagnostics:
cannot open the connection
--- failed re-building ‘Introduction-to-visNetwork.Rmd’
SUMMARY: processing the following file failed:
‘Introduction-to-visNetwork.Rmd’
Error: Vignette re-building failed.
Execution halted
Flavor: r-patched-solaris-x86
Version: 2.0.6
Check: re-building of vignette outputs
Result: WARN
Error in re-building vignettes:
...
Warning in engine$weave(file, quiet = quiet, encoding = enc) :
Pandoc (>= 1.12.3) and/or pandoc-citeproc not available. Falling back to R Markdown v1.
Quitting from lines 22-27 (Introduction-to-visNetwork.Rmd)
Error: processing vignette 'Introduction-to-visNetwork.Rmd' failed with diagnostics:
cannot open the connection
Execution halted
Flavors: r-release-osx-x86_64, r-oldrel-osx-x86_64