CRAN Package Check Results for Package wavethresh

Last updated on 2019-04-22 01:48:03 CEST.

Flavor Version Tinstall Tcheck Ttotal Status Flags
r-devel-linux-x86_64-debian-clang 4.6.8 25.15 92.20 117.35 OK
r-devel-linux-x86_64-debian-gcc 4.6.8 14.49 71.99 86.48 OK
r-devel-linux-x86_64-fedora-clang 4.6.8 141.57 NOTE
r-devel-linux-x86_64-fedora-gcc 4.6.8 132.33 NOTE
r-devel-windows-ix86+x86_64 4.6.8 57.00 122.00 179.00 OK
r-patched-linux-x86_64 4.6.8 21.28 92.25 113.53 OK
r-patched-solaris-x86 4.6.8 173.50 OK
r-release-linux-x86_64 4.6.8 20.27 90.91 111.18 OK
r-release-windows-ix86+x86_64 4.6.8 39.00 152.00 191.00 OK
r-release-osx-x86_64 4.6.8 OK
r-oldrel-windows-ix86+x86_64 4.6.8 29.00 160.00 189.00 OK
r-oldrel-osx-x86_64 4.6.8 OK

Check Details

Version: 4.6.8
Check: compiled code
Result: NOTE
    File ‘wavethresh/libs/wavethresh.so’:
     Found no calls to: ‘R_registerRoutines’, ‘R_useDynamicSymbols’
    
    It is good practice to register native routines and to disable symbol
    search.
    
    See ‘Writing portable packages’ in the ‘Writing R Extensions’ manual.
Flavors: r-devel-linux-x86_64-fedora-clang, r-devel-linux-x86_64-fedora-gcc