Last updated on 2019-04-22 01:48:03 CEST.
Flavor | Version | Tinstall | Tcheck | Ttotal | Status | Flags |
---|---|---|---|---|---|---|
r-devel-linux-x86_64-debian-clang | 0.4.0 | 16.01 | 31.23 | 47.24 | OK | |
r-devel-linux-x86_64-debian-gcc | 0.4.0 | 15.06 | 24.62 | 39.68 | OK | |
r-devel-linux-x86_64-fedora-clang | 0.4.0 | 64.25 | NOTE | |||
r-devel-linux-x86_64-fedora-gcc | 0.4.0 | 61.53 | NOTE | |||
r-devel-windows-ix86+x86_64 | 0.4.0 | 51.00 | 63.00 | 114.00 | OK | |
r-patched-linux-x86_64 | 0.4.0 | 17.07 | 30.45 | 47.52 | OK | |
r-patched-solaris-x86 | 0.4.0 | 79.70 | NOTE | |||
r-release-linux-x86_64 | 0.4.0 | 15.13 | 28.92 | 44.05 | OK | |
r-release-windows-ix86+x86_64 | 0.4.0 | 33.00 | 65.00 | 98.00 | OK | |
r-release-osx-x86_64 | 0.4.0 | OK | ||||
r-oldrel-windows-ix86+x86_64 | 0.4.0 | 46.00 | 95.00 | 141.00 | OK | |
r-oldrel-osx-x86_64 | 0.4.0 | NOTE |
Version: 0.4.0
Check: compiled code
Result: NOTE
File ‘webreadr/libs/webreadr.so’:
Found no calls to: ‘R_registerRoutines’, ‘R_useDynamicSymbols’
It is good practice to register native routines and to disable symbol
search.
See ‘Writing portable packages’ in the ‘Writing R Extensions’ manual.
Flavors: r-devel-linux-x86_64-fedora-clang, r-devel-linux-x86_64-fedora-gcc
Version: 0.4.0
Check: package dependencies
Result: NOTE
Package suggested but not available for checking: ‘iptools’
Flavor: r-patched-solaris-x86
Version: 0.4.0
Check: package dependencies
Result: NOTE
Package suggested but not available for checking: ‘rgeolocate’
Flavor: r-oldrel-osx-x86_64