CRAN Package Check Results for Package wicket

Last updated on 2019-04-22 01:48:04 CEST.

Flavor Version Tinstall Tcheck Ttotal Status Flags
r-devel-linux-x86_64-debian-clang 0.4.0 135.43 25.88 161.31 OK
r-devel-linux-x86_64-debian-gcc 0.4.0 107.58 20.86 128.44 OK
r-devel-linux-x86_64-fedora-clang 0.4.0 252.52 NOTE
r-devel-linux-x86_64-fedora-gcc 0.4.0 214.39 OK
r-devel-windows-ix86+x86_64 0.4.0 367.00 57.00 424.00 OK
r-patched-linux-x86_64 0.4.0 125.31 26.12 151.43 OK
r-patched-solaris-x86 0.4.0 200.40 OK
r-release-linux-x86_64 0.4.0 123.93 24.65 148.58 OK
r-release-windows-ix86+x86_64 0.4.0 266.00 81.00 347.00 OK
r-release-osx-x86_64 0.4.0 NOTE
r-oldrel-windows-ix86+x86_64 0.4.0 263.00 78.00 341.00 OK
r-oldrel-osx-x86_64 0.4.0 NOTE

Check Details

Version: 0.4.0
Check: installed package size
Result: NOTE
     installed size is 13.4Mb
     sub-directories of 1Mb or more:
     libs 13.2Mb
Flavors: r-devel-linux-x86_64-fedora-clang, r-release-osx-x86_64, r-oldrel-osx-x86_64