Last updated on 2019-04-22 01:48:04 CEST.
Flavor | Version | Tinstall | Tcheck | Ttotal | Status | Flags |
---|---|---|---|---|---|---|
r-devel-linux-x86_64-debian-clang | 1.0.1 | 2.22 | 17.96 | 20.18 | OK | |
r-devel-linux-x86_64-debian-gcc | 1.0.1 | 1.91 | 14.58 | 16.49 | OK | |
r-devel-linux-x86_64-fedora-clang | 1.0.1 | 23.47 | NOTE | |||
r-devel-linux-x86_64-fedora-gcc | 1.0.1 | 22.63 | NOTE | |||
r-devel-windows-ix86+x86_64 | 1.0.1 | 8.00 | 27.00 | 35.00 | NOTE | |
r-patched-linux-x86_64 | 1.0.1 | 2.59 | 18.05 | 20.64 | OK | |
r-patched-solaris-x86 | 1.0.1 | 39.00 | NOTE | |||
r-release-linux-x86_64 | 1.0.1 | 1.69 | 16.69 | 18.38 | OK | |
r-release-windows-ix86+x86_64 | 1.0.1 | 5.00 | 32.00 | 37.00 | NOTE | |
r-release-osx-x86_64 | 1.0.1 | NOTE | ||||
r-oldrel-osx-x86_64 | 1.0.1 | ERROR |
Version: 1.0.1
Check: installed package size
Result: NOTE
installed size is 7.2Mb
sub-directories of 1Mb or more:
bn 7.1Mb
Flavors: r-devel-linux-x86_64-fedora-clang, r-devel-windows-ix86+x86_64, r-patched-solaris-x86, r-release-windows-ix86+x86_64, r-release-osx-x86_64
Version: 1.0.1
Check: dependencies in R code
Result: NOTE
Namespaces in Imports field not imported from:
‘DT’ ‘DescTools’ ‘HydeNet’ ‘RBGL’ ‘Rgraphviz’ ‘arules’ ‘bnlearn’
‘dplyr’ ‘graph’ ‘igraph’ ‘linkcomm’ ‘missRanger’ ‘parallel’ ‘psych’
‘rhandsontable’ ‘rintrojs’ ‘shinyBS’ ‘shinyWidgets’ ‘shinyalert’
‘shinycssloaders’ ‘shinydashboard’ ‘tools’ ‘visNetwork’
All declared Imports should be used.
Flavors: r-devel-linux-x86_64-fedora-clang, r-devel-linux-x86_64-fedora-gcc, r-patched-solaris-x86, r-release-osx-x86_64
Version: 1.0.1
Check: whether package can be installed
Result: ERROR
Installation failed.
Flavor: r-oldrel-osx-x86_64