CRAN Package Check Results for Package wpp2017

Last updated on 2019-04-22 01:48:04 CEST.

Flavor Version Tinstall Tcheck Ttotal Status Flags
r-devel-linux-x86_64-debian-clang 1.2-1 2.36 49.18 51.54 OK
r-devel-linux-x86_64-debian-gcc 1.2-1 1.73 40.14 41.87 OK
r-devel-linux-x86_64-fedora-clang 1.2-1 57.83 NOTE
r-devel-linux-x86_64-fedora-gcc 1.2-1 55.57 OK
r-devel-windows-ix86+x86_64 1.2-1 10.00 61.00 71.00 NOTE
r-patched-linux-x86_64 1.2-1 2.49 46.93 49.42 OK
r-patched-solaris-x86 1.2-1 95.50 NOTE
r-release-linux-x86_64 1.2-1 1.60 25.45 27.05 OK
r-release-windows-ix86+x86_64 1.2-1 6.00 54.00 60.00 NOTE
r-release-osx-x86_64 1.2-1 NOTE
r-oldrel-windows-ix86+x86_64 1.2-1 7.00 53.00 60.00 NOTE
r-oldrel-osx-x86_64 1.2-1 NOTE

Check Details

Version: 1.2-1
Check: installed package size
Result: NOTE
     installed size is 11.6Mb
     sub-directories of 1Mb or more:
     data 11.4Mb
Flavors: r-devel-linux-x86_64-fedora-clang, r-devel-windows-ix86+x86_64, r-patched-solaris-x86, r-release-windows-ix86+x86_64, r-release-osx-x86_64, r-oldrel-windows-ix86+x86_64, r-oldrel-osx-x86_64