Last updated on 2019-04-22 01:48:04 CEST.
Flavor | Version | Tinstall | Tcheck | Ttotal | Status | Flags |
---|---|---|---|---|---|---|
r-devel-linux-x86_64-debian-clang | 0.6.1 | 3.54 | 24.49 | 28.03 | OK | |
r-devel-linux-x86_64-debian-gcc | 0.6.1 | 2.48 | 19.56 | 22.04 | OK | |
r-devel-linux-x86_64-fedora-clang | 0.6.1 | 32.24 | NOTE | |||
r-devel-linux-x86_64-fedora-gcc | 0.6.1 | 31.69 | OK | |||
r-devel-windows-ix86+x86_64 | 0.6.1 | 11.00 | 37.00 | 48.00 | NOTE | |
r-patched-linux-x86_64 | 0.6.1 | 3.31 | 24.86 | 28.17 | OK | |
r-patched-solaris-x86 | 0.6.1 | 57.50 | NOTE | |||
r-release-linux-x86_64 | 0.6.1 | 1.55 | 23.56 | 25.11 | OK | |
r-release-windows-ix86+x86_64 | 0.6.1 | 8.00 | 37.00 | 45.00 | NOTE | |
r-release-osx-x86_64 | 0.6.1 | NOTE | ||||
r-oldrel-windows-ix86+x86_64 | 0.6.1 | 5.00 | 46.00 | 51.00 | NOTE | |
r-oldrel-osx-x86_64 | 0.6.1 | NOTE |
Version: 0.6.1
Check: installed package size
Result: NOTE
installed size is 10.8Mb
sub-directories of 1Mb or more:
java 10.7Mb
Flavors: r-devel-linux-x86_64-fedora-clang, r-devel-windows-ix86+x86_64, r-patched-solaris-x86, r-release-windows-ix86+x86_64, r-release-osx-x86_64, r-oldrel-windows-ix86+x86_64, r-oldrel-osx-x86_64