Last updated on 2019-04-22 01:48:04 CEST.
Flavor | Version | Tinstall | Tcheck | Ttotal | Status | Flags |
---|---|---|---|---|---|---|
r-devel-linux-x86_64-debian-clang | 0.1.0 | 1.73 | 23.53 | 25.26 | OK | |
r-devel-linux-x86_64-debian-gcc | 0.1.0 | 1.42 | 18.59 | 20.01 | OK | |
r-devel-linux-x86_64-fedora-clang | 0.1.0 | 30.29 | NOTE | |||
r-devel-linux-x86_64-fedora-gcc | 0.1.0 | 29.09 | NOTE | |||
r-devel-windows-ix86+x86_64 | 0.1.0 | 5.00 | 33.00 | 38.00 | OK | |
r-patched-linux-x86_64 | 0.1.0 | 1.82 | 23.21 | 25.03 | OK | |
r-patched-solaris-x86 | 0.1.0 | 44.40 | NOTE | |||
r-release-linux-x86_64 | 0.1.0 | 1.09 | 23.26 | 24.35 | OK | |
r-release-windows-ix86+x86_64 | 0.1.0 | 2.00 | 46.00 | 48.00 | OK | |
r-release-osx-x86_64 | 0.1.0 | NOTE | ||||
r-oldrel-windows-ix86+x86_64 | 0.1.0 | 2.00 | 43.00 | 45.00 | OK | |
r-oldrel-osx-x86_64 | 0.1.0 | NOTE |
Version: 0.1.0
Check: dependencies in R code
Result: NOTE
Namespace in Imports field not imported from: ‘MASS’
All declared Imports should be used.
Flavors: r-devel-linux-x86_64-fedora-clang, r-devel-linux-x86_64-fedora-gcc, r-patched-solaris-x86, r-release-osx-x86_64, r-oldrel-osx-x86_64