CRAN Package Check Results for Package ACDm

Last updated on 2019-05-01 01:51:37 CEST.

Flavor Version Tinstall Tcheck Ttotal Status Flags
r-devel-linux-x86_64-debian-clang 1.0.4 14.25 66.53 80.78 OK
r-devel-linux-x86_64-debian-gcc 1.0.4 12.32 51.92 64.24 OK
r-devel-linux-x86_64-fedora-clang 1.0.4 104.02 NOTE
r-devel-linux-x86_64-fedora-gcc 1.0.4 104.12 NOTE
r-patched-linux-x86_64 1.0.4 14.78 65.38 80.16 OK
r-patched-solaris-x86 1.0.4 158.10 OK
r-release-linux-x86_64 1.0.4 13.83 65.45 79.28 OK
r-release-windows-ix86+x86_64 1.0.4 42.00 131.00 173.00 OK
r-release-osx-x86_64 1.0.4 OK
r-oldrel-windows-ix86+x86_64 1.0.4 38.00 166.00 204.00 OK
r-oldrel-osx-x86_64 1.0.4 OK

Check Details

Version: 1.0.4
Check: compiled code
Result: NOTE
    File ‘ACDm/libs/ACDm.so’:
     Found no calls to: ‘R_registerRoutines’, ‘R_useDynamicSymbols’
    
    It is good practice to register native routines and to disable symbol
    search.
    
    See ‘Writing portable packages’ in the ‘Writing R Extensions’ manual.
Flavors: r-devel-linux-x86_64-fedora-clang, r-devel-linux-x86_64-fedora-gcc