Last updated on 2019-05-01 01:51:38 CEST.
Flavor | Version | Tinstall | Tcheck | Ttotal | Status | Flags |
---|---|---|---|---|---|---|
r-devel-linux-x86_64-debian-clang | 0.1.3 | 1.58 | 25.53 | 27.11 | OK | |
r-devel-linux-x86_64-debian-gcc | 0.1.3 | 1.49 | 21.36 | 22.85 | OK | |
r-devel-linux-x86_64-fedora-clang | 0.1.3 | 34.47 | OK | |||
r-devel-linux-x86_64-fedora-gcc | 0.1.3 | 35.90 | OK | |||
r-patched-linux-x86_64 | 0.1.3 | 1.86 | 25.66 | 27.52 | OK | |
r-patched-solaris-x86 | 0.1.3 | 55.40 | OK | |||
r-release-linux-x86_64 | 0.1.3 | 1.96 | 25.52 | 27.48 | OK | |
r-release-windows-ix86+x86_64 | 0.1.3 | 6.00 | 66.00 | 72.00 | OK | |
r-release-osx-x86_64 | 0.1.3 | OK | ||||
r-oldrel-windows-ix86+x86_64 | 0.1.3 | 5.00 | 61.00 | 66.00 | OK | |
r-oldrel-osx-x86_64 | 0.1.3 | NOTE |
Version: 0.1.3
Check: package dependencies
Result: NOTE
Package suggested but not available for checking: ‘testthat’
Flavor: r-oldrel-osx-x86_64