Last updated on 2019-05-01 01:51:37 CEST.
Flavor | Version | Tinstall | Tcheck | Ttotal | Status | Flags |
---|---|---|---|---|---|---|
r-devel-linux-x86_64-debian-clang | 0.10.0 | 224.73 | 147.49 | 372.22 | OK | |
r-devel-linux-x86_64-debian-gcc | 0.10.0 | 182.83 | 121.33 | 304.16 | OK | |
r-devel-linux-x86_64-fedora-clang | 0.10.0 | 549.41 | NOTE | |||
r-devel-linux-x86_64-fedora-gcc | 0.10.0 | 544.27 | OK | |||
r-patched-linux-x86_64 | 0.10.0 | 222.88 | 148.32 | 371.20 | OK | |
r-patched-solaris-x86 | 0.10.0 | 534.10 | OK | |||
r-release-linux-x86_64 | 0.10.0 | 214.38 | 142.74 | 357.12 | OK | |
r-release-windows-ix86+x86_64 | 0.10.0 | 578.00 | 195.00 | 773.00 | OK | |
r-release-osx-x86_64 | 0.10.0 | NOTE | ||||
r-oldrel-windows-ix86+x86_64 | 0.10.0 | 576.00 | 183.00 | 759.00 | OK | |
r-oldrel-osx-x86_64 | 0.10.0 | NOTE |
Version: 0.10.0
Check: installed package size
Result: NOTE
installed size is 15.5Mb
sub-directories of 1Mb or more:
libs 14.8Mb
Flavors: r-devel-linux-x86_64-fedora-clang, r-release-osx-x86_64, r-oldrel-osx-x86_64