CRAN Package Check Results for Package AutoDeskR

Last updated on 2019-05-01 01:51:38 CEST.

Flavor Version Tinstall Tcheck Ttotal Status Flags
r-devel-linux-x86_64-debian-clang 0.1.3 2.70 29.35 32.05 OK
r-devel-linux-x86_64-debian-gcc 0.1.3 2.30 23.67 25.97 OK
r-devel-linux-x86_64-fedora-clang 0.1.3 38.15 OK
r-devel-linux-x86_64-fedora-gcc 0.1.3 41.94 OK
r-patched-linux-x86_64 0.1.3 3.23 28.75 31.98 OK
r-patched-solaris-x86 0.1.3 58.20 OK
r-release-linux-x86_64 0.1.3 3.25 29.00 32.25 OK
r-release-windows-ix86+x86_64 0.1.3 3.00 6.00 9.00 ERROR
r-release-osx-x86_64 0.1.3 OK
r-oldrel-windows-ix86+x86_64 0.1.3 3.00 6.00 9.00 OK
r-oldrel-osx-x86_64 0.1.3 OK

Check Details

Version: 0.1.3
Check: whether package can be installed
Result: ERROR
    Installation failed.
Flavor: r-release-windows-ix86+x86_64