CRAN Package Check Results for Package AutoPipe

Last updated on 2019-05-01 01:51:38 CEST.

Flavor Version Tinstall Tcheck Ttotal Status Flags
r-devel-linux-x86_64-debian-clang 0.1.6 14.21 111.09 125.30 OK
r-devel-linux-x86_64-debian-gcc 0.1.6 11.10 87.21 98.31 OK
r-devel-linux-x86_64-fedora-clang 0.1.6 164.11 OK
r-devel-linux-x86_64-fedora-gcc 0.1.6 162.88 OK
r-patched-linux-x86_64 0.1.6 12.91 109.04 121.95 OK
r-patched-solaris-x86 0.1.6 218.30 OK
r-release-linux-x86_64 0.1.6 13.49 109.64 123.13 OK
r-release-windows-ix86+x86_64 0.1.6 32.00 149.00 181.00 OK
r-release-osx-x86_64 0.1.6 ERROR
r-oldrel-windows-ix86+x86_64 0.1.6 21.00 150.00 171.00 OK
r-oldrel-osx-x86_64 0.1.6 ERROR

Check Details

Version: 0.1.6
Check: package dependencies
Result: ERROR
    Packages required but not available:
     'siggenes', 'annotate', 'fgsea', 'org.Hs.eg.db',
     'ConsensusClusterPlus', 'clusterProfiler'
    
    See section ‘The DESCRIPTION file’ in the ‘Writing R Extensions’
    manual.
Flavor: r-release-osx-x86_64

Version: 0.1.6
Check: package dependencies
Result: ERROR
    Packages required but not available:
     ‘fgsea’ ‘ConsensusClusterPlus’ ‘clusterProfiler’
    
    See section ‘The DESCRIPTION file’ in the ‘Writing R Extensions’
    manual.
Flavor: r-oldrel-osx-x86_64