Last updated on 2019-05-01 01:51:38 CEST.
Flavor | Version | Tinstall | Tcheck | Ttotal | Status | Flags |
---|---|---|---|---|---|---|
r-devel-linux-x86_64-debian-clang | 0.2.0 | 11.18 | 94.30 | 105.48 | OK | |
r-devel-linux-x86_64-debian-gcc | 0.2.0 | 9.09 | 73.40 | 82.49 | OK | |
r-devel-linux-x86_64-fedora-clang | 0.2.0 | 133.52 | OK | |||
r-devel-linux-x86_64-fedora-gcc | 0.2.0 | 119.02 | OK | |||
r-patched-linux-x86_64 | 0.2.0 | 9.68 | 90.62 | 100.30 | OK | |
r-patched-solaris-x86 | 0.2.0 | 197.80 | OK | |||
r-release-linux-x86_64 | 0.2.0 | 10.96 | 91.52 | 102.48 | OK | |
r-release-windows-ix86+x86_64 | 0.2.0 | 33.00 | 101.00 | 134.00 | OK | |
r-release-osx-x86_64 | 0.2.0 | OK | ||||
r-oldrel-windows-ix86+x86_64 | 0.2.0 | 22.00 | 135.00 | 157.00 | ERROR | |
r-oldrel-osx-x86_64 | 0.2.0 | OK |
Version: 0.2.0
Check: whether package can be installed
Result: ERROR
Installation failed.
Flavor: r-oldrel-windows-ix86+x86_64