CRAN Package Check Results for Package BAMBI

Last updated on 2019-05-01 01:51:38 CEST.

Flavor Version Tinstall Tcheck Ttotal Status Flags
r-devel-linux-x86_64-debian-clang 2.1.0 89.85 96.15 186.00 OK
r-devel-linux-x86_64-debian-gcc 2.1.0 71.64 74.91 146.55 OK
r-devel-linux-x86_64-fedora-clang 2.1.0 261.38 OK
r-devel-linux-x86_64-fedora-gcc 2.1.0 270.40 OK
r-patched-linux-x86_64 2.1.0 87.69 95.49 183.18 OK
r-patched-solaris-x86 2.1.0 286.20 OK
r-release-linux-x86_64 2.1.0 92.94 96.41 189.35 OK
r-release-windows-ix86+x86_64 2.1.0 250.00 151.00 401.00 OK
r-release-osx-x86_64 2.1.0 FAIL
r-oldrel-windows-ix86+x86_64 2.1.0 241.00 180.00 421.00 OK
r-oldrel-osx-x86_64 2.1.0 OK

Check Details

Version: 2.1.0
Check: dependencies in R code
Result: FAIL
    
Flavor: r-release-osx-x86_64