Last updated on 2019-05-01 01:51:39 CEST.
Flavor | Version | Tinstall | Tcheck | Ttotal | Status | Flags |
---|---|---|---|---|---|---|
r-devel-linux-x86_64-debian-clang | 1.69.0-1 | 21.33 | 43.34 | 64.67 | OK | |
r-devel-linux-x86_64-debian-gcc | 1.69.0-1 | 14.64 | 34.72 | 49.36 | OK | |
r-devel-linux-x86_64-fedora-clang | 1.69.0-1 | 55.81 | NOTE | |||
r-devel-linux-x86_64-fedora-gcc | 1.69.0-1 | 54.31 | OK | |||
r-patched-linux-x86_64 | 1.69.0-1 | 21.60 | 43.59 | 65.19 | OK | |
r-patched-solaris-x86 | 1.69.0-1 | 171.70 | NOTE | |||
r-release-linux-x86_64 | 1.69.0-1 | 19.30 | 43.69 | 62.99 | OK | |
r-release-windows-ix86+x86_64 | 1.69.0-1 | 305.00 | 91.00 | 396.00 | NOTE | |
r-release-osx-x86_64 | 1.69.0-1 | NOTE | ||||
r-oldrel-windows-ix86+x86_64 | 1.69.0-1 | 234.00 | 67.00 | 301.00 | NOTE | |
r-oldrel-osx-x86_64 | 1.69.0-1 | NOTE |
Version: 1.69.0-1
Check: installed package size
Result: NOTE
installed size is 153.5Mb
sub-directories of 1Mb or more:
include 153.4Mb
Flavors: r-devel-linux-x86_64-fedora-clang, r-patched-solaris-x86, r-release-windows-ix86+x86_64, r-release-osx-x86_64, r-oldrel-windows-ix86+x86_64, r-oldrel-osx-x86_64