Last updated on 2019-05-01 01:51:39 CEST.
Flavor | Version | Tinstall | Tcheck | Ttotal | Status | Flags |
---|---|---|---|---|---|---|
r-devel-linux-x86_64-debian-clang | 1.2.3 | 5.04 | 38.99 | 44.03 | OK | --no-examples --no-tests --no-vignettes |
r-devel-linux-x86_64-debian-gcc | 1.2.3 | 4.55 | 31.53 | 36.08 | OK | --no-examples --no-tests --no-vignettes |
r-devel-linux-x86_64-fedora-clang | 1.2.3 | 53.98 | OK | --no-tests --no-vignettes | ||
r-devel-linux-x86_64-fedora-gcc | 1.2.3 | 56.78 | OK | --no-tests --no-vignettes | ||
r-patched-linux-x86_64 | 1.2.3 | 4.65 | 39.23 | 43.88 | OK | --no-examples --no-tests --no-vignettes |
r-patched-solaris-x86 | 1.2.3 | 76.90 | OK | --no-tests --no-vignettes | ||
r-release-linux-x86_64 | 1.2.3 | 4.96 | 40.20 | 45.16 | OK | --no-examples --no-tests --no-vignettes |
r-release-windows-ix86+x86_64 | 1.2.3 | 14.00 | 108.00 | 122.00 | OK | --no-examples --no-tests --no-vignettes |
r-release-osx-x86_64 | 1.2.3 | OK | ||||
r-oldrel-windows-ix86+x86_64 | 1.2.3 | 11.00 | 86.00 | 97.00 | OK | --no-examples --no-tests --no-vignettes |
r-oldrel-osx-x86_64 | 1.2.3 | OK |
Version: 1.2.3
Check: tests
Result: FAIL
Flavor: r-release-osx-x86_64