CRAN Package Check Results for Package BayesESS

Last updated on 2019-05-01 01:51:38 CEST.

Flavor Version Tinstall Tcheck Ttotal Status Flags
r-devel-linux-x86_64-debian-clang 0.1.12 46.06 62.27 108.33 OK
r-devel-linux-x86_64-debian-gcc 0.1.12 35.75 51.02 86.77 OK
r-devel-linux-x86_64-fedora-clang 0.1.12 148.25 NOTE
r-devel-linux-x86_64-fedora-gcc 0.1.12 151.31 NOTE
r-patched-linux-x86_64 0.1.12 38.39 62.41 100.80 OK
r-patched-solaris-x86 0.1.12 184.80 NOTE
r-release-linux-x86_64 0.1.12 40.94 62.62 103.56 OK
r-release-windows-ix86+x86_64 0.1.12 120.00 136.00 256.00 OK
r-release-osx-x86_64 0.1.12 NOTE
r-oldrel-windows-ix86+x86_64 0.1.12 103.00 98.00 201.00 OK
r-oldrel-osx-x86_64 0.1.12 NOTE

Check Details

Version: 0.1.12
Check: dependencies in R code
Result: NOTE
    Namespaces in Imports field not imported from:
     ‘MASS’ ‘MatrixModels’
     All declared Imports should be used.
Flavors: r-devel-linux-x86_64-fedora-clang, r-devel-linux-x86_64-fedora-gcc, r-patched-solaris-x86, r-release-osx-x86_64, r-oldrel-osx-x86_64