CRAN Package Check Results for Package BayesTree

Last updated on 2019-05-01 01:51:38 CEST.

Flavor Version Tinstall Tcheck Ttotal Status Flags
r-devel-linux-x86_64-debian-clang 0.3-1.4 13.86 24.14 38.00 OK
r-devel-linux-x86_64-debian-gcc 0.3-1.4 9.17 20.48 29.65 OK
r-devel-linux-x86_64-fedora-clang 0.3-1.4 57.98 NOTE
r-devel-linux-x86_64-fedora-gcc 0.3-1.4 50.20 NOTE
r-patched-linux-x86_64 0.3-1.4 11.27 24.29 35.56 OK
r-patched-solaris-x86 0.3-1.4 80.10 OK
r-release-linux-x86_64 0.3-1.4 10.78 24.43 35.21 OK
r-release-windows-ix86+x86_64 0.3-1.4 42.00 71.00 113.00 OK
r-release-osx-x86_64 0.3-1.4 OK
r-oldrel-windows-ix86+x86_64 0.3-1.4 42.00 57.00 99.00 OK
r-oldrel-osx-x86_64 0.3-1.4 OK

Check Details

Version: 0.3-1.4
Check: compiled code
Result: NOTE
    File ‘BayesTree/libs/BayesTree.so’:
     Found no calls to: ‘R_registerRoutines’, ‘R_useDynamicSymbols’
    
    It is good practice to register native routines and to disable symbol
    search.
    
    See ‘Writing portable packages’ in the ‘Writing R Extensions’ manual.
Flavors: r-devel-linux-x86_64-fedora-clang, r-devel-linux-x86_64-fedora-gcc